x*v = -5*v + 30. What is the units digit of v?
6
Let v be (-1)/3 - 40/(-12). Suppose -4 = -v*l - l. Let p = 8 - l. What is the units digit of p?
7
Suppose -2*f - 10 = -a + 4*a, -3*a = 6. Let g = 3 + f. What is the units digit of g?
1
Let l(r) = -r + 6. Let s be l(5). Let z be -1*-1*3/s. Suppose 2*d + 1 = z*t, -2*d - t = 2 - 5. What is the units digit of d?
1
What is the units digit of -2 - (-5)/(5/8)?
6
Let n = 13 - 7. Suppose n = 4*s - s. What is the units digit of s?
2
Suppose 3*o = -3*z - 54 - 111, 3*z + 171 = -o. Let p = z - -91. Suppose a + 5*v = -3, -a + 6*a + v - p = 0. What is the units digit of a?
7
What is the tens digit of 97 - ((-3)/3 - -1)?
9
Suppose 4*y = 3*k + 1810, 0 = -3*y - 5*k + 504 + 868. What is the hundreds digit of y?
4
Suppose 2*x + 4*f = 0, 2*f + 12 = 6*x - x. Suppose -5*c = -x*c - 51. What is the tens digit of c?
1
Let v = -5 + 93. What is the tens digit of v?
8
Let u = -12 - -18. What is the units digit of u?
6
Let k(t) = t**2 - 6*t. Let l be k(7). Suppose 3*j + l = y, -3*y - j = j - 54. What is the units digit of y?
6
Let l = -22 + 35. What is the tens digit of l?
1
Suppose s = -3*l - 20, 19 = -5*l - s - 11. Let y = 4 - l. Let h = 15 - y. What is the units digit of h?
6
Let q(f) = f**3 + 1. Let s(c) = 4*c**3 - 7*c**2 + 5*c + 6. Let o(n) = 3*q(n) - s(n). Let g be o(6). What is the units digit of (-5)/(10/(-28)) - g?
1
Suppose 16*s - 20*s + 24 = 0. What is the units digit of s?
6
Let w = -7 + 35. Suppose w = 4*h - 36. What is the units digit of h?
6
Let p be ((-24)/28)/((-1)/7). Suppose 3*z = -p + 84. What is the units digit of z?
6
Let x be 0 - (-14)/(3 - 1). Suppose y - 5*z + 7 = 0, 3*y - 21 = -3*z - 6. Let h = x - y. What is the units digit of h?
4
Suppose 0 = 4*f - 3*f. Suppose -m = -f*m - 3. Suppose 5 + 22 = m*i. What is the units digit of i?
9
Let d be (-39)/(-3)*(2 + -1). Suppose -4*m + 11 = -d. What is the units digit of m?
6
Let o(p) = -p**3 - 3*p**2 - 5*p - 4. Suppose 7*d + 9 = 4*d. What is the units digit of o(d)?
1
Suppose -2*j - 3*t = -6*t - 87, 4*j + 5*t - 119 = 0. What is the units digit of j?
6
What is the units digit of (-1)/(-3 - (-8)/3)?
3
Let r = 83 - 47. What is the units digit of r?
6
What is the tens digit of (-112)/42*-1*(-45)/(-2)?
6
Suppose 2*x = 2*p + 48, -4*x + x = -5*p - 118. What is the units digit of (-4)/(-16) - p/4?
6
Let z(c) = 20*c - 26. What is the units digit of z(4)?
4
Let m = 41 + -25. What is the units digit of m?
6
Let u(r) = r**3 - r**2 - r + 1. Let a be 4 + -1 + -4 + 1. Let g be u(a). Suppose 0 = 5*l - 4*l - g. What is the units digit of l?
1
Let h(d) = -2*d + 9. Let y be h(-8). Let k = -10 + y. What is the units digit of k?
5
Let u = -6 + 7. Let o(g) = 8*g**2 - g + 1. What is the units digit of o(u)?
8
What is the units digit of 65/65*70/(3 - 1)?
5
Suppose 0 = 3*z - 0*v - v - 4, 0 = z + v + 4. Let o(i) = i**3 - 4*i**2 + 5. Let m be o(5). Suppose 0*q + m = 3*a - 3*q, z = -4*q. What is the tens digit of a?
1
Suppose o - 2*j - 44 - 127 = 0, -348 = -2*o - 2*j. What is the hundreds digit of o?
1
Let j be -4 + 4 + (3 - 3). Let q(s) = -12*s + 1. Let h be q(-1). Suppose -i = -j*i - h. What is the units digit of i?
3
Suppose -5*j + 4 = -6. Suppose -m + 2*a + a + 20 = 0, -3*m + 27 = j*a. What is the tens digit of m?
1
Let r(c) = -c**3 + 6*c**2 + 2*c - 8. Let f be r(6). Let m = f + -9. Let d = m - -9. What is the units digit of d?
4
What is the tens digit of 18/((-5)/60*-2)?
0
Let g(r) = 9*r**2 - r + 1. What is the units digit of g(1)?
9
What is the tens digit of -1*(-58 + 1 + -5)?
6
Let n(m) = -m + 3. Let k = 31 - 20. Suppose -3 = -t - k. What is the tens digit of n(t)?
1
Let d(l) be the second derivative of 5/2*l**2 + l - 5/12*l**4 + 0 + 0*l**3 - 1/20*l**5. What is the units digit of d(-5)?
5
What is the units digit of (-12 - -10) + 33 + -1?
0
Let n(u) = 3*u**2 + 12*u. Let g(t) = 4*t**2 + 12*t - 1. Let w(m) = 4*g(m) - 5*n(m). What is the tens digit of w(14)?
2
Let j = 4 - -3. Suppose 2 = 3*a - j. What is the units digit of a?
3
Let g = 1 + 6. What is the units digit of g?
7
Suppose 3*r = -0*r - 27. What is the units digit of (-2)/(-2) + 2 - r?
2
Let c(f) = 8 - 4*f + 3*f + 3*f - 3*f. Let j be c(6). Suppose -3*x + w = -j*w - 3, 5*w = 20. What is the units digit of x?
5
Suppose -3*p = -4*p + 3. What is the tens digit of (-10)/p*(-15)/2?
2
What is the units digit of (8/(-5))/((-3)/105)?
6
Let u = 7 + -4. Let v = 7 - u. Suppose v = y - 5*z, 4*z - 5 = -z. What is the units digit of y?
9
Suppose -v + 6*v - 4*x = 387, 3*v = x + 235. What is the units digit of v?
9
Let l(t) = t**2 + 5*t - 1. Let o(y) = -y**3 + y**2 - 2*y. Let x be o(2). What is the units digit of l(x)?
3
Suppose 4*d = d + 75. Let v be 10/(d/(-9) + 3). Suppose 0 = -0*j + 3*j - v. What is the tens digit of j?
1
Suppose 81 = -3*r + 327. What is the units digit of r?
2
Suppose 4*g - 71 = 2*o - 235, 0 = -5*o + 4*g + 422. What is the units digit of o?
6
Suppose -12 = -4*b, -f + b = 3 + 2. Let a(v) = -v**3 + 5*v**2 + 7*v - 3. Let n be a(6). Let y = f + n. What is the units digit of y?
1
Suppose 46 = n + 2. Suppose 4*w = 2*w + n. What is the units digit of w?
2
Suppose 4*m + 5 - 1 = 0. Let l be m - (3 - 4 - 2). Suppose 46 = l*s - 2*i, 4 = -5*s + 2*i + 116. What is the tens digit of s?
2
Suppose -a = 3*a + 32. Let t = -62 - -43. Let f = a - t. What is the tens digit of f?
1
Suppose 2*b + 0*z = -z + 57, 0 = 5*b + 2*z - 144. What is the units digit of b?
0
Suppose -5*v + f + 1209 = 5*f, -5*v - 5*f + 1205 = 0. What is the hundreds digit of v?
2
Suppose 4*r + 4*l = -16, 5*r - 2*l = 7 + 8. Suppose r + 8 = 3*u. Suppose 0 = g - u*g + 28. What is the units digit of g?
4
Let b(g) = -g**2 + 7*g - 6. Let j = 5 + 0. Let f be b(j). Suppose 3*v + 2 = -f*q, 5*v = -q - 3*q + 2. What is the units digit of v?
2
Suppose 3*r = -0*r, -2*y - r = -24. What is the units digit of y?
2
Let d be (-3 - 0)/(-6)*2. Let a = 2 - d. What is the units digit of a?
1
What is the units digit of (-4)/(-14) - -2*1005/70?
9
Suppose -3*u + 10 = -2. Suppose -53 = -u*m + 75. What is the units digit of m?
2
Suppose -4 = -s - 0*s - 3*f, 5*s + 22 = -f. Let b(l) be the second derivative of -l**3/2 + l**2 - l. What is the units digit of b(s)?
7
Suppose -a + 4*w + 100 = 0, 4*w - 3*w = -3*a + 326. What is the units digit of a?
8
Suppose h + 2 = -2. Let d = 18 - h. What is the units digit of d?
2
Let r(f) = 0 + 6*f + 10 + 2*f**2 - 3*f**2. Let m be r(7). Suppose -5 = -m*t + 2*n, n - 2*n - 5 = -4*t. What is the units digit of t?
1
Let o(t) = t**2 - 2*t. Suppose -5*u = -j - 17, 5*u = -2*j - 0*u + 26. Suppose j*d - 4 = 8. What is the units digit of o(d)?
8
Let k(d) = -57*d - 2. What is the tens digit of k(-4)?
2
What is the units digit of 83 - 12 - 0/2?
1
Let n = -3 + 30. Let s = n - 5. What is the units digit of s?
2
Suppose 0 = -3*i + 5 + 34. Suppose -2*t = -3*t - 3*x - i, 4*x + 20 = 0. Let s(a) = 7*a**2 - 4*a + 3. What is the tens digit of s(t)?
2
Suppose 5*g - 2*f = 0, -3*f + 14 - 3 = -2*g. Suppose -g*z = -5*z + 30. What is the units digit of z?
0
Let z(i) = -i**2 - 2*i + 7. Let b be z(-5). Let k(r) = -r**3 - 9*r**2 - 8*r + 3. Let t be k(b). Suppose -44 = -t*x - x. What is the tens digit of x?
1
Let v = 16 - 17. Let c = v + 45. What is the units digit of c?
4
Let w = 4 + -1. Suppose 0 = 4*m + g + w*g - 20, -22 = -3*m + 4*g. What is the units digit of (-5 - -2)*(-4)/m?
2
Suppose 2*d - 12 = -d. Suppose 4*u - 12 = 4*c, 8*u - 23 = c + 3*u. Suppose -c*n - 2 = -d*n. What is the units digit of n?
1
Let d(m) = 11*m**2 + 28*m + 8. What is the hundreds digit of d(-7)?
3
Suppose 4*i - 20 = -2*b, 2*i - 32 = -2*i - 5*b. Suppose 0 = j - i*j + 34. What is the tens digit of j?
1
Let g be -2 + 2 + -2 - 0. What is the units digit of (-5 + 6)*(0 - g)?
2
Let a(l) = -l**3 + 6*l**2 + 7*l. Let c be a(7). Suppose -3*z + 1 + 5 = c, -20 = -3*w - 4*z. What is the units digit of w?
4
Suppose 0 = w + 3 - 7. Suppose w*l = -l + 610. What is the units digit of 4/14 + l/14?
9
Suppose 2*x - 52 - 22 = 0. What is the units digit of x?
7
Suppose -3*o = -z + 14, 4*z + 2*o = -z + 155. What is the units digit of z?
9
Suppose 5*t - 83 = -3*w - 5, 5*w - 170 = 5*t. What is the tens digit of w?
3
Let v(u) = 22*u**2. What is the units digit of v(-3)?
8
Suppose -2*r = -3*q + 36, -4*q - 54 = 5*r + 36. Let b be (-36)/10 + r/(-